= 14*j**3 - 32*j**2 + 99*j - 398. Determine k(4).
382
Let m(x) = -x**3 + 137*x**2 - 103*x - 3855. Calculate m(136).
633
Let d(b) = b**3 + 106*b**2 - 439*b + 76. What is d(-110)?
-34
Let t(l) = 26*l**2 + 17549*l + 16786. Give t(-674).
-64
Let o(u) = -2477*u - 359166. Calculate o(-145).
-1
Let f(x) = -908*x + 4188. Calculate f(5).
-352
Let i(h) = -777*h + 5610. Give i(16).
-6822
Let t(n) = -n**3 + 3*n**2 + 24*n + 47. Give t(-3).
29
Let k(u) = 283357*u - 2266806. Calculate k(8).
50
Let g(u) = u**2 - 95*u - 34086. Calculate g(238).
-52
Let z(y) = -2*y**3 - 13*y**2 + 159*y + 947. Give z(-6).
-43
Let c(z) = -84*z**2 + 970*z + 1586. Determine c(13).
0
Let w(n) = -199*n - 20976. Determine w(-106).
118
Let r(v) = v**3 - 6*v**2 + 270*v - 1813. Calculate r(7).
126
Let g(j) = 7*j**3 - 573*j**2 - 82*j - 74. Give g(82).
-74
Let c(u) = 13*u**2 - 632*u + 994. Calculate c(47).
7
Let f(b) = -2478*b**2 - 42124*b + 31. Calculate f(-17).
-3
Let n(d) = 8791*d - 931914. Give n(106).
-68
Let p(f) = 3572*f + 3670. What is p(-1)?
98
Let d(a) = 2159*a + 8226. Give d(-4).
-410
Let a(v) = -85801*v + 17932425. Calculate a(209).
16
Let v(i) = i**2 + 2475*i - 616053. Give v(228).
231
Let m(r) = -175079*r - 3151492. Calculate m(-18).
-70
Let f(x) = -19*x**2 - 666*x + 585. Give f(-36).
-63
Let x(b) = -2706*b + 16106. Calculate x(6).
-130
Let m(v) = 10*v**3 + 40*v**2 - 14*v - 72. What is m(-7)?
-1444
Let a(q) = -135*q - 6919. Give a(-52).
101
Let p(z) = -19*z**2 + 6487*z + 6500. What is p(-1)?
-6
Let n(d) = -450*d - 46333. Give n(-103).
17
Let s(n) = -6*n**3 + 128*n**2 - 125*n - 1. What is s(1)?
-4
Let q(c) = 236*c + 2767. Give q(-38).
-6201
Let x(t) = 6137*t - 337522. Give x(55).
13
Let q(y) = -y**3 - 12*y**2 - 19*y + 1123. Give q(7).
59
Let w(b) = 5*b**3 + 23*b**2 - 114*b - 513. Calculate w(-4).
-9
Let o(a) = -a**3 + 17*a**2 + 4375*a - 1877. Calculate o(75).
-2
Let y(w) = -15806*w + 239687. Give y(15).
2597
Let g(d) = 6917*d - 456495. Determine g(66).
27
Let b(x) = 84153*x + 505135. What is b(-6)?
217
Let x(c) = -1726*c + 39668. Calculate x(23).
-30
Let w(l) = 2*l**3 + 536*l - 27. Give w(0).
-27
Let q(r) = 2*r**2 + 53*r - 53890. What is q(-178)?
44
Let d(z) = 374438*z - 1497755. What is d(4)?
-3
Let c(b) = -b**2 + 41926*b - 4975034. Give c(119).
-1
Let a(l) = 137*l - 1607. What is a(8)?
-511
Let m(z) = -95*z**3 - 4*z**2 + 466*z + 936. Determine m(-2).
748
Let r(o) = -11*o**3 - 6*o**2 + 41777*o - 41770. Give r(1).
-10
Let h(b) = -67*b - 2502. What is h(-42)?
312
Let n(j) = 2509*j + 136. What is n(0)?
136
Let y(p) = 26*p**2 - 4942*p - 29662. Calculate y(-6).
926
Let u(j) = -3*j**3 + 76*j**2 + 671*j - 10220. Calculate u(29).
-12
Let o(w) = -2469*w + 194999. Calculate o(79).
-52
Let y(n) = 4*n**2 + 16*n + 18. Give y(0).
18
Let s(v) = 33*v**2 + 934*v + 1822. What is s(-2)?
86
Let v(c) = 1450*c - 76869. What is v(53)?
-19
Let n(a) = -1223*a + 22018. Calculate n(18).
4
Let c(f) = -607*f - 33112. Give c(-54).
-334
Let y(z) = 175*z**2 - 76*z + 387. Give y(3).
1734
Let m(j) = -j**3 - 135*j**2 + 426*j + 1649. Determine m(-138).
-7
Let a(o) = 2*o**3 - 105*o**2 - 69*o + 297. Calculate a(53).
-551
Let k(b) = -b**2 + 299*b + 14285. Calculate k(-42).
-37
Let c(x) = 820*x - 22671. Calculate c(28).
289
Let d(l) = l**3 - 2*l**2 - 190*l + 2533. Calculate d(11).
1532
Let a(t) = t**3 + 124*t**2 + 1891*t + 1227. Give a(-17).
3
Let z(x) = -6*x**2 + 905*x + 11898. Calculate z(163).
-1
Let z(f) = 152573*f - 19. Determine z(0).
-19
Let f(h) = -4*h**3 - 83*h**2 - 212*h - 5001. Determine f(-21).
-108
Let a(s) = -6227*s + 9530. Give a(1).
3303
Let c(n) = 15*n**2 + 1477*n + 1366. What is c(-94)?
-4932
Let r(n) = -n**3 - 204*n**2 - 1904*n + 42271. Determine r(-193).
4
Let t(o) = 3*o**3 - 13*o**2 - 249*o + 1201. What is t(5)?
6
Let o(i) = 27*i**2 - 135*i - 2067. Determine o(-12).
3441
Let x(u) = -3*u**3 + 34*u**2 - 127*u + 110. Give x(3).
-46
Let i(l) = 6021*l - 78153. What is i(13)?
120
Let y(g) = 7*g**2 - 112*g - 663. Determine y(30).
2277
Let c(i) = 84008*i - 251988. Determine c(3).
36
Let j(m) = 4088*m - 20505. Calculate j(5).
-65
Let b(a) = 322*a + 11. Calculate b(-9).
-2887
Let v(x) = 36*x**3 - 14869*x**2 + 409*x + 1629. What is v(413)?
-23
Let v(c) = -20860*c - 41421. What is v(-2)?
299
Let y(s) = -2472*s + 39508. What is y(16)?
-44
Let f(t) = -2132*t + 67838. Calculate f(31).
1746
Let c(r) = 1964*r - 233749. Determine c(119).
-33
Let k(j) = -661*j + 30521. Determine k(46).
115
Let g(z) = z**2 - 573*z - 18262. What is g(-33)?
1736
Let r(p) = 31610*p**2 + 758638*p - 46. Determine r(-24).
2
Let y(n) = -67631*n + 405695. Determine y(6).
-91
Let b(m) = -4*m**2 + 294*m - 1199. Calculate b(4).
-87
Let u(q) = -32*q**2 + 283*q + 175. Give u(13).
-1554
Let r(k) = 131*k + 2643. Determine r(-20).
23
Let z(c) = 99*c**2 + 4453*c - 22. Calculate z(-45).
68
Let i(c) = c**2 + 516*c + 13784. Calculate i(-25).
1509
Let t(p) = -3*p**3 + 58*p**2 - 4*p - 296. Give t(19).
-11
Let l(i) = i**3 - 18*i**2 - 197*i + 13. Calculate l(27).
1255
Let i(u) = 2011*u + 265456. Determine i(-132).
4
Let c(o) = 4449*o + 13624. Give c(-3).
277
Let b(v) = -10773*v + 32226. Determine b(3).
-93
Let q(v) = 241*v**2 + 4283*v - 4282. Give q(1).
242
Let a(k) = k**3 + 295*k**2 + 12232*k - 897. What is a(-50)?
3
Let h(i) = 1323*i + 11650. Give h(-9).
-257
Let p(l) = -2*l**2 - 3115*l + 177257. Calculate p(55).
-118
Let v(t) = -18259*t + 18278. What is v(1)?
19
Let l(i) = -82351*i + 7988061. Determine l(97).
14
Let d(y) = y**3 - 63*y**2 - 3638*y + 225796. Give d(67).
6
Let r(q) = q**3 - 47*q**2 - 163*q - 654. Give r(50).
-1304
Let m(r) = -125*r**2 + 9036*r + 102867. Calculate m(-10).
7
Let c(s) = s**3 + 43*s**2 - 78*s - 246. Determine c(-44).
1250
Let a(u) = -4532*u - 507567. Determine a(-112).
17
Let h(m) = -252*m - 4787. Give h(-16).
-755
Let j(r) = -3374*r - 20405. Calculate j(-6).
-161
Let i(d) = -988*d - 12187. Calculate i(-12).
-331
Let z(n) = n**3 - 78*n**2 - 132*n - 2229. What is z(80)?
11
Let v(w) = -w**2 + 30*w + 40549. Determine v(-187).
-30
Let m(j) = 24*j**2 + 6575*j - 19721. Determine m(3).
220
Let f(h) = 52*h**3 + 7585*h**2 - 1021*h + 44. Calculate f(-146).
-102
Let q(r) = -3*r**3 + 97*r**2 + 324*r + 95. Give q(-3).
77
Let j(o) = 2681*o - 29452. Determine j(11).
39
Let l(d) = 41*d**2 - 662*d + 161. Give l(16).
65
Let d(l) = 3*l**3 - 35*l**2 + 197*l + 13. What is d(7)?
706
Let s(d) = -d**3 + 131*d**2 + 327*d - 8145. What is s(133)?
-32
Let j(t) = -t**3 - 40*t**2 - 207*t + 4237. Give j(-23).
5
Let m(g) = 9*g**2 - 392*g - 178. Calculate m(44).
-2
Let d(f) = -594*f - 24972. Calculate d(-42).
-24
Let j(x) = 461*x**2 - 56*x - 146. What is j(-2)?
1810
Let s(m) = m**3 - 21*m**2 + 258*m - 1765. What is s(12)?
35
Let l(t) = 2214*t - 4406. Calculate l(2).
22
Let h(y) = 181245*y - 362367. Give h(2).
123
Let t(v) = -2*v**2 - 127*v - 604. Give t(-52).
592
Let p(j) = 13728*j - 192190. Determine p(14).
2
Let o(i) = 36074*i - 1839777. Give o(51).
-3
Let j(b) = 1343*b - 21334. Calculate j(16).
154
Let i(t) = -243*t + 32589. Give i(135).
-216
Let r(q) = -2513*q - 45217. What is r(-18)?
17
Let n(u) = 5*u**2 - 5583*u + 27863. Give n(5).
73
Let f(v) = 5*v**3 - 36*v**2 - 17*v - 113. Calculate f(8).
7
Let u(r) = 39*r**2 + 60*r - 1281. What is u(5)?
-6
Let l(o) = -11*o**2 + 409*o + 2224. Determine l(42).
-2
Let r(q) = -1681*q + 16897. Calculate r(10).
87
Let o(n) = -2*n**3 + 57*n**2 - 137*n + 2754. Determine o(28).
-298
Let f(r) = r**3 - 471*r**2 + 28424*r - 9606. Calculate f(400).
-6
Let o(a) = -3303*a - 6612. Give o(-2).
-6
Let j(w) = 8*w**3 - 76*w**2 - 10*w + 347. Determine j(9).
-67
Let p(s) = -10*s**3 + 5*s**2 - 91*s + 259. Give p(3).
-239
Let g(o) = 2*o**2 + 566*o + 30395. Calculate g(-72).
11
Let c(o) = 2*o**3 - 20*o**2 + 2106*o - 18797. What is c(9)?
-5
Let n(d) = -912*d + 16457. Determine n(18).
41
Let t(m) = -m**3 + 47*m**2 - 15*m + 310. Give t(47).
-395
Let z(j) = -j**3 + 63*j**2 + 503*j - 1046. Give z(70).
-136
Let z(u) = -3*u**3 - 149*u**2 - 978*u - 51393. Give z(-50).
7
Let x(i) = -2*i**2 + 6050*i + 78986. Calculate x(-13).
-2
Let u(d) = d**3 + 2*d**2 - 217*d + 1088. Calculate u(8).
-8
Let b(z) = -217*z + 905. Determine b(4).
37
Let m(c) = -524*c - 5758. Determine m(-11).
6
Let i(y) = 113*y + 12455. What is i(-94)?
1833
Let b(v) = -4*v**2 - 